divisor of f and j.
8
Let u = -62 + 202. What is the highest common divisor of u and 56?
28
Let w = 503 + -299. Suppose 0 = 2*h + 2*h - w. Let l be 1/6 - h/(-18). What is the greatest common factor of 9 and l?
3
Let x = -19 + 29. Suppose -4*v - z = -25 - 14, -3*z - 13 = -v. What is the greatest common divisor of x and v?
10
Let z(c) = -c**3 - 3*c**2 - 3*c - 1. Let l be z(-2). Suppose 54 = 4*d + 2*d. Calculate the highest common divisor of d and l.
1
Suppose -115 + 1390 = 3*l. Suppose u - n = -u + 165, -5*u + l = -5*n. Calculate the greatest common divisor of u and 10.
10
Let c = -47 + 164. Let a be ((-26)/(-6))/((-1)/(-3)). Calculate the greatest common divisor of c and a.
13
Suppose -2*z - 3*k = -0*k - 22, -4*k + 32 = 3*z. Let g(n) = n**2 - n + 8. Let l be g(0). Calculate the greatest common divisor of l and z.
8
Let l(z) = 3*z - 3. Let j(p) = 5*p + 1. Let d be j(1). Let i be l(d). Calculate the highest common factor of i and 3.
3
Let z = -3 + 2. Suppose -4*o - 4*b + 12 = -3*b, -5*o - 3*b + 15 = 0. Let c = o + z. Calculate the greatest common divisor of c and 1.
1
Let l(y) = 6*y**3 - 4*y**2 - 2*y - 11. Let w be l(4). Calculate the greatest common divisor of 43 and w.
43
Let s = 114 - -78. What is the highest common divisor of s and 6?
6
Let t be 37/4 + (-2)/8. Suppose 0 = 3*p - 12 + 6. Suppose 4*a - 140 = -p*c - 0*c, -c = 3*a - 106. What is the highest common divisor of a and t?
9
Let z = 8 + -16. Suppose -21 = 2*g + 5. Let h = z - g. What is the greatest common factor of h and 5?
5
Let d(y) = 9*y**2 + 3*y - 4. Let k be d(3). Let v be (k*2 - -3) + 1. What is the highest common divisor of 16 and v?
16
Suppose -n - 10 = -2*n - 2*t, 0 = -t - 1. Let v be (-1)/2 + 1/(-2). Let b be 1/(-1) - (v - 24). What is the greatest common divisor of n and b?
12
Let f(n) = 13 - 13 - n + 5*n**2. Let d be f(-1). What is the greatest common factor of 66 and d?
6
Let u = -7 - -1. Let p be (-58)/(-18) - u/(-27). Let t be (p/(-2))/((-9)/120). What is the highest common divisor of 5 and t?
5
Let d be (-4)/((-4)/3 + 1). What is the greatest common divisor of 12 and d?
12
Let i(q) = -8*q. Let o(h) = -h - 6. Let g be o(-5). Let s be i(g). What is the highest common divisor of 8 and s?
8
Suppose -5*x - 4*h = 32, -3*h = 3*x - 7*h. Let f be (-13)/(-2)*x/(-2). Let t(n) = -n + 78. Let c be t(0). Calculate the highest common factor of c and f.
13
Let c(h) = -h**2 + 8*h + 13. Let g be c(9). Suppose o - m + 4 = 0, -g*o - m = -0*o - 9. What is the highest common factor of 5 and o?
1
Let q be (3/(-9))/(3/(-117)). What is the greatest common factor of 169 and q?
13
Let j(h) = h**3 + 5*h**2 + 2*h + 1. Let t be j(-4). Calculate the greatest common divisor of 81 and t.
9
Let f(t) = 4*t - 4. Let m be f(5). Calculate the greatest common factor of m and 2.
2
Let h = -5 - -7. Let y = -18 + 20. Let k = y + h. What is the highest common factor of k and 4?
4
Let v(k) = 11*k**2 + k - 2. Suppose o + 2*y - 4 = 0, 3*o - y = -0*y - 9. Let j be v(o). What is the greatest common divisor of 8 and j?
8
Let h(k) = 3*k**2 + k + 4. Let x be h(-3). Suppose -114*n + 119*n - 350 = 0. Calculate the greatest common divisor of x and n.
14
Suppose 3*u + 18 = 5*m + 66, 4*u - 5*m = 59. Calculate the greatest common factor of u and 33.
11
Suppose l = 15*l - 266. Suppose 342 = 5*f - 703. What is the highest common divisor of l and f?
19
Let s(h) = h**3 - 5*h**2 - 5*h - 1. Let i be s(6). Suppose i*c - 402 = z, 4*z = -3*c + z + 252. Calculate the highest common factor of c and 9.
9
Let f be (-6)/10*(2 - 7). Suppose 1 = -4*b - f, 2*j - 5*b = 25. Suppose -2*q + 270 = q. Calculate the highest common factor of q and j.
10
Suppose 4*w + w - 3*q - 38 = 0, 0 = 4*w + 3*q - 25. Suppose -4*t = -w - 1. Calculate the greatest common factor of 4 and t.
2
Let i(s) = -s + 27. Let u be i(10). What is the highest common divisor of u and 85?
17
Let z(x) = 3*x**2 + 9*x + 6. Let q be z(-5). What is the highest common divisor of 9 and q?
9
Let u = 80 - 46. Suppose 2*o - 2 = -0*o. Let a be (34/(-6))/(o/(-9)). What is the highest common divisor of a and u?
17
Let y be 4/(-6) + (-76)/(-6). Let i(v) = -v**3 - 9*v**2 - 8*v + 8. Let a be i(-8). Calculate the greatest common factor of y and a.
4
Let m(u) = 74*u - 45. Let f be m(5). Calculate the highest common divisor of 13 and f.
13
Let j(b) = -b**3 - 19*b**2 + 12*b - 48. Let h be j(-20). What is the greatest common factor of h and 8?
8
Let h = 28 - 47. Let z = -10 - h. What is the greatest common factor of z and 1?
1
Let a = 26 + -23. Calculate the highest common divisor of 27 and a.
3
Suppose -i = -50 - 36. Calculate the highest common divisor of 129 and i.
43
Let v(r) = 45*r**3 - r**2 + 2*r - 2. Let g be v(1). What is the highest common factor of g and 4?
4
Let z be 3/2*(-16)/12. Let d be 5*z - (0 + 2). Let l be (-296)/d + (-2)/3. What is the greatest common divisor of 36 and l?
12
Suppose 0 = 5*c - c - 224. Suppose -2*x + 19 - 5 = 0. Calculate the greatest common divisor of x and c.
7
Let b be 4*70/(-4)*(-2)/4. Calculate the highest common factor of b and 14.
7
Let n = -7 - -16. Let k = -75 - -138. Calculate the greatest common divisor of n and k.
9
Let c(g) = 7*g**2 - 3*g. Let t(w) = w**3 + w**2 - w + 4. Let m be t(0). Let x be c(m). Calculate the greatest common divisor of x and 20.
20
Suppose 3*j - 3*k = -4*k + 9, 2*j - k - 1 = 0. Suppose 0 = -4*p - 4*v - 8, -j*p - 4*v = -3*v. Calculate the greatest common factor of p and 18.
2
Let t = 966 - 963. Let s(l) = -l**3 + l**2 + l + 27. Let g be s(0). What is the highest common divisor of t and g?
3
Suppose -3 + 0 = -f. Suppose f*w + 56 = 4*w. Suppose -41 = -4*a + 3*y, 3*a - 27 = -2*y + 3*y. Calculate the highest common divisor of w and a.
8
Let l be 21 - (4 + (4 - 5)). What is the highest common factor of 27 and l?
9
Let h = 173 - 329. Let b = h - -219. Let n be ((-3)/(-2))/(2/12). What is the highest common factor of n and b?
9
Suppose -3*g + 2*a + 78 = a, -g - 4*a = -39. Let y be (-12)/(-42) - 2/7. Let w = y - -3. Calculate the highest common divisor of w and g.
3
Let c(l) = 8*l**2 + 2*l + 2. Let b be c(-2). Suppose 10 - 42 = 4*x. Let m = x - -18. What is the highest common divisor of m and b?
10
Let v be ((-3)/6)/(3/(-222)). Suppose -20 = -3*f + v. Suppose -4*o + 9*o + 4*n = f, -3*n - 12 = 0. Calculate the greatest common factor of o and 28.
7
Let l = -16 + 19. Calculate the highest common divisor of 30 and l.
3
Let h = 26 + -15. Suppose -t + 4 = r - h, 78 = 5*r + 4*t. Calculate the highest common divisor of 45 and r.
9
Suppose -8 = -0*w - 4*w. Suppose -3 = w*c - 31. Calculate the greatest common factor of 14 and c.
14
Let n(p) = p**3 - p**2 + 1. Let y be n(1). Let x be (-1 - y)*10/(-2). Suppose h + x = 3*h. What is the highest common divisor of 45 and h?
5
Suppose -5*m = 5*t - 60, -3*m - 5 = -2*t - 41. Let b = m + -1. Suppose 0 = 5*i - 444 - 161. What is the highest common factor of b and i?
11
Let m be (-5)/(-15)*(0 + 6). Suppose 24 = 4*h + m*h. What is the greatest common divisor of 4 and h?
4
Suppose 0*f = 3*l - 3*f + 60, 3*l + 53 = -4*f. Let t = 2 - l. What is the highest common divisor of t and 21?
21
Let u(f) = f**3 - 29*f**2 + 5*f - 40. Let m be u(29). What is the greatest common factor of 21 and m?
21
Let z(x) = -24*x**3 + x**2 + x. Let t be z(-1). What is the highest common factor of 36 and t?
12
Let l be (189/(-27))/(-2 + 1 + 0). Calculate the greatest common factor of l and 7.
7
Let x be (8/20)/(2/10). Calculate the highest common divisor of 2 and x.
2
Let h be 0 + ((-12)/8)/(-3)*132. Calculate the greatest common divisor of 6 and h.
6
Let d(c) = 4 - 1 - 4 + 0 - 5*c. Let y be d(-3). What is the highest common divisor of y and 28?
14
Let u(o) = 7*o - 6. Let a be u(4). Suppose -4 = -0*z - 2*z. What is the greatest common factor of z and a?
2
Let s be (-1*(-10)/(-3))/((-92)/966). Calculate the highest common factor of 245 and s.
35
Let i(g) = 3*g - 1. Let o be i(5). Let u = -12 - -12. Suppose u = -3*t - 2*t + 10. What is the greatest common divisor of o and t?
2
Let s(j) = j**2 + 2*j - 15. Let q be s(-7). Suppose 2*h - 7 = 113. Calculate the greatest common factor of q and h.
20
Let n = 47 - 43. What is the greatest common factor of 28 and n?
4
Let o = 41 - 24. Let g be (-5 + 1 + 23)*-5. Let i = g - -214. What is the greate